
Let b(t) = -14585*t + 6. Is b(-1) a composite number?
False
Let c be (-197)/(-3) - 1/(-3). Let f be 53/11 - (-12)/c. Suppose m + 429 = 4*v + 6*m, -3*v + f*m + 348 = 0. Is v a composite number?
True
Suppose 8 = 4*h - 12. Suppose h*j + 257 = 1552. Is j a prime number?
False
Suppose i - 3 - 2 = 0. Suppose -j = -i*j + 20. Suppose 2*s + j*f + 0*f = 839, -4*s = -3*f - 1717. Is s a prime number?
False
Is 597930/14 + 48/(-168) composite?
False
Is 7914/(-9)*1*(-12)/8 a prime number?
True
Suppose d - 10 = 58. Let p = 26 - d. Let u = 81 + p. Is u a prime number?
False
Let g be (-10)/((-4)/(-2 - -4)). Let v = 8 - g. Is 9/v - (-1 + -75) prime?
True
Suppose 5*h = -5*x + 8124 + 49751, -2*h = 8. Is x a composite number?
False
Let i = -105 - -107. Is (i - (-28)/(-16))*2012 a prime number?
True
Suppose 5*w + 13*w = 0. Suppose w*d - 231 = -3*d. Is d a composite number?
True
Let b = 82 - 78. Suppose 1362 = h - 5*g, -3*g - 5363 = -b*h - 0*g. Is h composite?
True
Suppose x + 44 = -0. Is ((-11099)/x)/((-1)/(-4)) composite?
False
Suppose q + 4*x = 46, 3*x = -4*q + 2*x + 244. Suppose -j = -g + q, -2*g - 6*j + j = -145. Is g composite?
True
Let g(b) = b**3 - 7*b**2 + b - 1. Let v(r) = -r**3 + 4*r**2 + r + 4. Let f be v(4). Is g(f) a prime number?
True
Suppose -3*a + 39 = -2*k, -10 - 27 = k + 2*a. Is 6/k - 3449/(-9) a prime number?
True
Let f = -34 - -34. Suppose l + 94 = j - f*j, 4*j = -3*l + 341. Is j composite?
False
Suppose -56*r = 47050 - 2345682. Is r a composite number?
False
Suppose -5*b - 10 = 0, -5*b - 2398 = -5*r - b. Suppose 3*m + 319 = 2*l, -2*m = 4*l - r - 136. Is l a prime number?
False
Let j = -3430 - -4965. Is j composite?
True
Let r = 9694 - 4223. Is r a prime number?
True
Let k = 7 + -1. Let z(h) = -4*h**2 - 2 + k - 2 + 12*h**3 + h**2. Is z(3) a prime number?
False
Suppose -9*x - 5*g = -7*x - 9396, 18816 = 4*x - 2*g. Is x a composite number?
False
Suppose -3*o - 11*p + 3792 = -5*p, -3783 = -3*o + 3*p. Suppose 139 = d - 2*a, 2*a - 152 = -4*d + 444. Let m = o + d. Is m a composite number?
False
Let f(z) = z**2 + 7*z + 2. Let s be f(-3). Let d = -7 - s. Let q(w) = 9*w**2 - 4*w. Is q(d) prime?
False
Suppose l = -3*b - 8176 + 101434, b = -l + 31084. Is b composite?
True
Let x(l) = -463*l + 68. Is x(-18) a prime number?
False
Suppose -909 = j + j + 3*n, 2*j + 927 = 3*n. Let a = -66 - -862. Let l = a + j. Is l composite?
False
Suppose n - 2*g = -7*g + 18, 2 = 2*g. Let r = 17 - n. Suppose -2*i + u = 26 - 68, -u + r = 0. Is i prime?
True
Let u(r) = 3*r**3 + r**2 - 6*r + 5. Is u(12) composite?
False
Let k(h) = -4*h**3 - 2*h**2 - 10*h - 7. Let l be k(-5). Suppose -10 = -5*u, -3*j + l = u + u. Is j composite?
False
Let a = 13 - 9. Suppose -708 = -5*b + a*q + 772, 620 = 2*b + 4*q. Suppose -w = x - 2*x - b, -2*w + 3*x + 602 = 0. Is w composite?
True
Suppose -3*i = 3*q - 3, -3*i - 2*q = -5 - 0. Suppose -i*p - 395 = -3686. Is p prime?
True
Suppose 6*f = -o + 2*f + 109, -4*o = 5*f - 381. Is o a composite number?
False
Let x = 68 + 8. Let m = x - 30. Is m a prime number?
False
Suppose 16*z = 25*z - 237483. Is z prime?
True
Let t(v) be the third derivative of v**5/30 - 7*v**4/12 + 7*v**3/6 - 10*v**2. Is t(15) prime?
False
Suppose 5*p + 2*s - 27 = 0, 6 = 3*p + s - 10. Is (-1)/p + 3696/55 a prime number?
True
Let a = -22183 - -46790. Is a composite?
True
Suppose -4*g = -13*a + 18*a - 6129, 3*a - 3 = 0. Is g a prime number?
True
Let p(b) = 1497*b - 6. Let g be p(2). Is g/10 + 15/75 composite?
True
Let d(i) = -i**3 - 3*i - 1. Let r(x) = x**3 + x**2 - x + 3. Let y be r(0). Suppose -y*t - 3 - 12 = 0. Is d(t) composite?
False
Let u be (10/(-40))/((-2)/824). Let d = -60 + u. Suppose 2*p + 3*p = -4*m + 143, 0 = -p + 4*m + d. Is p a prime number?
True
Let x = -24 + 23. Let s(t) = 766*t**2 + t + 2. Is s(x) a prime number?
False
Let p = 222403 + -109148. Is p prime?
False
Suppose 2*o = 3*s - o, -8 = 3*s - 5*o. Suppose 0 = 3*b - 3*j + 7 - 25, j = -1. Suppose -4*k + 1122 = r - 5*k, -s*k = -b*r + 5605. Is r composite?
False
Suppose -808*t + 794*t + 314566 = 0. Is t a prime number?
True
Let y(f) = -2*f**2 - 11*f - 10. Let c be y(-4). Let z(u) = -43*u + 18*u + 24*u + 286*u**c. Is z(-1) a composite number?
True
Let s(a) = 83 + 21*a - 138 + 2*a**2 + 81. Is s(-25) prime?
True
Let m = -3600 + 7417. Is m composite?
True
Let q = 15098 + -6975. Is q prime?
True
Suppose -959 = 6*q + 703. Let r be (5 + -1)*(3 + -140). Let v = q - r. Is v a prime number?
True
Let i be -6 + 2 - -27 - -1. Let k = i + 35. Is k composite?
False
Let s(b) = -3*b - 15. Let k be s(-7). Is ((-5181)/(-22))/(k/4) prime?
True
Let m(r) be the first derivative of r**5/20 + 11*r**4/12 - 7*r**3/3 + 11*r**2/2 - r - 4. Let x(c) be the first derivative of m(c). Is x(-12) a composite number?
True
Let x(a) = 145*a - 231. Is x(22) composite?
True
Let r(u) = -2*u**2 + 18*u + 5. Let t be r(9). Let n(j) = 114*j**2 - 6*j + 5. Let d be n(t). Suppose -5*a = -0*a - d. Is a prime?
False
Let o be (-204)/(-10) + (-27)/(-45). Let j = 16 - o. Let g(u) = -5*u**3 - 3*u**2 - 5*u + 6. Is g(j) a prime number?
False
Let l = -12516 - -50837. Is l a composite number?
False
Let m = -6 - -9. Suppose 0 = -m*o + o + 8. Suppose 2*q + o*d = 306, -5*d - 2 = 23. Is q a composite number?
False
Let f = 20 + -1. Suppose 0 = 5*h - f - 6. Suppose 721 = h*p - 4*r, -5*p - r + 431 = -295. Is p composite?
True
Let l(a) = -a**3 + 3*a**2 + 3*a - 2. Let z be (90/36)/(2/(-4)). Is l(z) a prime number?
False
Let x(b) = b**2 + 1. Let r(d) = -12*d - 3 - 11 + 4 + 2 - 3*d**2. Let k(v) = r(v) + 2*x(v). Is k(-9) a composite number?
True
Suppose 4*r = -4*y + 328, 5*r = -y + 3*y - 192. Let m = 327 + y. Is m a composite number?
True
Suppose -138*g + 94136 = -134*g + 4*v, g - 23528 = v. Is g a prime number?
True
Let s = -3371 + 4832. Is s composite?
True
Let g = 14344 + -7305. Is g a composite number?
False
Suppose -s = 2, -2*h + 13*s - 17*s + 42830 = 0. Is h a composite number?
False
Let w(s) = 289*s + 8. Let i be w(-7). Let k be 2/4 - i/(-26). Let x = -18 - k. Is x composite?
False
Suppose 0 = 5*y - 2*c - 81281, -4*c + 8*c - 32498 = -2*y. Is y a composite number?
True
Let s(f) = 8*f - 1382. Let i be s(0). Let q = -975 - i. Is q a prime number?
False
Suppose 0 = 5*z - x - 173785, 91*z - 95*z + x = -139028. Is z a prime number?
True
Suppose -22*h = -23*h. Suppose h*x - 254 = -3*f + 2*x, -4*f = 4*x - 352. Is f a prime number?
False
Suppose -2*v + 1805 = 3*c - 236, -5*v = -10. Is c composite?
True
Let f(r) = -r**2 + 1 + 9*r + 0 + 1. Let b be f(9). Suppose -b*v - 109 = -3*v. Is v a prime number?
True
Suppose -t - 1 = -0. Let m be -307*(t + 0 + 0). Suppose -2*k + 3*q + m = 0, -q + 322 = 2*k + q. Is k prime?
False
Suppose 22*w + 2*t - 82912 = 18*w, -w + 2*t + 20733 = 0. Is w prime?
False
Suppose -10 = -3*h - 5*u, u + 2 - 18 = -2*h. Let k be h/((-4)/(-4)*2). Suppose -k*f + 634 = 5*b + 79, -3*f + 3*b = -333. Is f a prime number?
False
Let d = 819 + 70. Is d prime?
False
Let f(z) = -23*z - 5. Let u be f(-9). Let h = u - 102. Is (4 - h/8)*-10 prime?
False
Suppose 9*j - 10*j - 805 = 0. Let p = j - -1526. Is p a composite number?
True
Let p(t) = -22*t**3 + 20*t**2 + 14*t - 17. Is p(-5) a prime number?
True
Let a(o) = 11*o - 2. Let m(b) = 2*b + 15. Let k be m(-9). Let q(i) = -10*i + 3. Let n(v) = k*q(v) - 2*a(v). Is n(11) prime?
True
Suppose -121 = -v - 350. Let k = v - -408. Is k a composite number?
False
Suppose -4*i + 740 = 7640. Let j = 4964 + i. Is j prime?
False
Suppose -11*k + 5*k + 24 = 0. Suppose -f - 753 = -k*f. Is f prime?
True
Suppose -8*z - 25443 = 5*v - 4*z, 3*z - 20342 = 4*v. Let w = 9660 + v. Is w prime?
False
Let m(p) = -7198*p + 45. Is m(-1) composite?
False
Let t = -15 + 14. Let w be t + 4 + -4 - -1. Suppose w = -2*l + 163 + 135. Is l a composite number?
False
Suppose 29*v - 3*o = 24*v + 1013629, 0 = -2*v + 5*o + 405444. Is v a composite number?
True
Let a(i) = -14*i**3 - i**2 + i. Let c be a(-4). Suppose 5*m = m + c. Is m a composite number?
True
Suppose 3*r - 20 = r. Let d be -4 + 5 - (-3)/(1 - -2). Suppose -v - r = -d*v. Is v prime?
False
Suppose 77*b + 32223 = 80*b. Suppose -c = 4*c - z - b, -3*c + 4*z = -6431. Is c a prime number?
False
Let d(u) be the second derivative of 9*u**5/20 + u**4/4 - u**3 - 19*u**2/2 - 7*u + 1. Is d(8) a composite number?
False
Let n(o) = -o*